[INFO] cloning repository https://github.com/pimeys/my-fauna-blog
[INFO] running `Command { std: "git" "-c" "credential.helper=" "-c" "credential.helper=/workspace/cargo-home/bin/git-credential-null" "clone" "--bare" "https://github.com/pimeys/my-fauna-blog" "/workspace/cache/git-repos/https%3A%2F%2Fgithub.com%2Fpimeys%2Fmy-fauna-blog", kill_on_drop: false }`
[INFO] [stderr] Cloning into bare repository '/workspace/cache/git-repos/https%3A%2F%2Fgithub.com%2Fpimeys%2Fmy-fauna-blog'...
[INFO] running `Command { std: "git" "rev-parse" "HEAD", kill_on_drop: false }`
[INFO] [stdout] 3400aab43aac9148098f304c90b0a7e07396a6a1
[INFO] checking pimeys/my-fauna-blog against try#72f88fc4e9458f89516a0b8b0868f3718aec5b47 for pr-74989
[INFO] running `Command { std: "git" "clone" "/workspace/cache/git-repos/https%3A%2F%2Fgithub.com%2Fpimeys%2Fmy-fauna-blog" "/workspace/builds/worker-6/source", kill_on_drop: false }`
[INFO] [stderr] Cloning into '/workspace/builds/worker-6/source'...
[INFO] [stderr] done.
[INFO] validating manifest of git repo https://github.com/pimeys/my-fauna-blog on toolchain 72f88fc4e9458f89516a0b8b0868f3718aec5b47
[INFO] running `Command { std: "/workspace/cargo-home/bin/cargo" "+72f88fc4e9458f89516a0b8b0868f3718aec5b47" "read-manifest" "--manifest-path" "Cargo.toml", kill_on_drop: false }`
[INFO] started tweaking git repo https://github.com/pimeys/my-fauna-blog
[INFO] removed path dependency faunadb from git repo https://github.com/pimeys/my-fauna-blog
[INFO] finished tweaking git repo https://github.com/pimeys/my-fauna-blog
[INFO] tweaked toml for git repo https://github.com/pimeys/my-fauna-blog written to /workspace/builds/worker-6/source/Cargo.toml
[INFO] crate git repo https://github.com/pimeys/my-fauna-blog already has a lockfile, it will not be regenerated
[INFO] running `Command { std: "/workspace/cargo-home/bin/cargo" "+72f88fc4e9458f89516a0b8b0868f3718aec5b47" "fetch" "--locked" "--manifest-path" "Cargo.toml", kill_on_drop: false }`
[INFO] [stderr] warning: dependency (faunadb) specified without providing a local path, Git repository, or version to use. This will be considered an error in future versions
[INFO] [stderr]     Updating crates.io index
[INFO] [stderr] error: the lock file /workspace/builds/worker-6/source/Cargo.lock needs to be updated but --locked was passed to prevent this
[INFO] [stderr] If you want to try to generate the lock file without accessing the network, use the --offline flag.
[INFO] the lockfile is outdated, regenerating it
[INFO] running `Command { std: "/workspace/cargo-home/bin/cargo" "+72f88fc4e9458f89516a0b8b0868f3718aec5b47" "generate-lockfile" "--manifest-path" "Cargo.toml" "-Zno-index-update", kill_on_drop: false }`
[INFO] running `Command { std: "/workspace/cargo-home/bin/cargo" "+72f88fc4e9458f89516a0b8b0868f3718aec5b47" "fetch" "--locked" "--manifest-path" "Cargo.toml", kill_on_drop: false }`
[INFO] [stderr] warning: dependency (faunadb) specified without providing a local path, Git repository, or version to use. This will be considered an error in future versions
[INFO] [stderr]  Downloading crates ...
[INFO] [stderr]   Downloaded faunadb v0.1.0-alpha.1
[INFO] [stderr]   Downloaded async-std v0.99.12
[INFO] [stderr]   Downloaded base64-serde v0.3.2
[INFO] running `Command { std: "docker" "create" "-v" "/var/lib/crater-agent-workspace/builds/worker-6/target:/opt/rustwide/target:rw,Z" "-v" "/var/lib/crater-agent-workspace/builds/worker-6/source:/opt/rustwide/workdir:ro,Z" "-v" "/var/lib/crater-agent-workspace/cargo-home:/opt/rustwide/cargo-home:ro,Z" "-v" "/var/lib/crater-agent-workspace/rustup-home:/opt/rustwide/rustup-home:ro,Z" "-e" "SOURCE_DIR=/opt/rustwide/workdir" "-e" "CARGO_TARGET_DIR=/opt/rustwide/target" "-e" "CARGO_HOME=/opt/rustwide/cargo-home" "-e" "RUSTUP_HOME=/opt/rustwide/rustup-home" "-w" "/opt/rustwide/workdir" "-m" "1610612736" "--user" "0:0" "--network" "none" "rustops/crates-build-env@sha256:d92eaeed33fa75130ca1ee6c8a01d1ffb62bac859dfdfb3450e3e5d1c0146529" "/opt/rustwide/cargo-home/bin/cargo" "+72f88fc4e9458f89516a0b8b0868f3718aec5b47" "metadata" "--no-deps" "--format-version=1", kill_on_drop: false }`
[INFO] [stdout] 3d5fc14d9d8c315c53512ab0a67d3ebb43e320e52abafbc4a58ee7cd24a61d81
[INFO] [stderr] WARNING: Your kernel does not support swap limit capabilities or the cgroup is not mounted. Memory limited without swap.
[INFO] running `Command { std: "docker" "start" "-a" "3d5fc14d9d8c315c53512ab0a67d3ebb43e320e52abafbc4a58ee7cd24a61d81", kill_on_drop: false }`
[INFO] running `Command { std: "docker" "inspect" "3d5fc14d9d8c315c53512ab0a67d3ebb43e320e52abafbc4a58ee7cd24a61d81", kill_on_drop: false }`
[INFO] running `Command { std: "docker" "rm" "-f" "3d5fc14d9d8c315c53512ab0a67d3ebb43e320e52abafbc4a58ee7cd24a61d81", kill_on_drop: false }`
[INFO] [stdout] 3d5fc14d9d8c315c53512ab0a67d3ebb43e320e52abafbc4a58ee7cd24a61d81
[INFO] running `Command { std: "docker" "create" "-v" "/var/lib/crater-agent-workspace/builds/worker-6/target:/opt/rustwide/target:rw,Z" "-v" "/var/lib/crater-agent-workspace/builds/worker-6/source:/opt/rustwide/workdir:ro,Z" "-v" "/var/lib/crater-agent-workspace/cargo-home:/opt/rustwide/cargo-home:ro,Z" "-v" "/var/lib/crater-agent-workspace/rustup-home:/opt/rustwide/rustup-home:ro,Z" "-e" "SOURCE_DIR=/opt/rustwide/workdir" "-e" "CARGO_TARGET_DIR=/opt/rustwide/target" "-e" "CARGO_INCREMENTAL=0" "-e" "RUST_BACKTRACE=full" "-e" "RUSTFLAGS=--cap-lints=forbid" "-e" "CARGO_HOME=/opt/rustwide/cargo-home" "-e" "RUSTUP_HOME=/opt/rustwide/rustup-home" "-w" "/opt/rustwide/workdir" "-m" "1610612736" "--user" "0:0" "--network" "none" "rustops/crates-build-env@sha256:d92eaeed33fa75130ca1ee6c8a01d1ffb62bac859dfdfb3450e3e5d1c0146529" "/opt/rustwide/cargo-home/bin/cargo" "+72f88fc4e9458f89516a0b8b0868f3718aec5b47" "check" "--frozen" "--all" "--all-targets" "--message-format=json", kill_on_drop: false }`
[INFO] [stderr] WARNING: Your kernel does not support swap limit capabilities or the cgroup is not mounted. Memory limited without swap.
[INFO] [stdout] 2d33c6162c04e982912fc80aeba940441a209bb737d487ad61f6b4c3f206f1e8
[INFO] running `Command { std: "docker" "start" "-a" "2d33c6162c04e982912fc80aeba940441a209bb737d487ad61f6b4c3f206f1e8", kill_on_drop: false }`
[INFO] [stderr] warning: dependency (faunadb) specified without providing a local path, Git repository, or version to use. This will be considered an error in future versions
[INFO] [stderr]    Compiling libc v0.2.77
[INFO] [stderr]    Compiling autocfg v1.0.1
[INFO] [stderr]     Checking cfg-if v0.1.10
[INFO] [stderr]     Checking lazy_static v1.4.0
[INFO] [stderr]     Checking slab v0.4.2
[INFO] [stderr]     Checking fnv v1.0.7
[INFO] [stderr]     Checking either v1.6.0
[INFO] [stderr]     Checking itoa v0.4.6
[INFO] [stderr]    Compiling proc-macro2 v1.0.21
[INFO] [stderr]    Compiling unicode-xid v0.2.1
[INFO] [stderr]    Compiling rand_core v0.4.2
[INFO] [stderr]     Checking pin-utils v0.1.0
[INFO] [stderr]     Checking futures-core v0.3.5
[INFO] [stderr]     Checking bytes v0.5.6
[INFO] [stderr]     Checking pin-project-lite v0.1.7
[INFO] [stderr]    Compiling pin-project-internal v0.4.23
[INFO] [stderr]     Checking hashbrown v0.9.0
[INFO] [stderr]     Checking try-lock v0.2.3
[INFO] [stderr]    Compiling httparse v1.3.4
[INFO] [stderr]    Compiling openssl v0.10.30
[INFO] [stderr]    Compiling proc-macro2 v0.4.30
[INFO] [stderr]     Checking futures-sink v0.3.5
[INFO] [stderr]     Checking futures-task v0.3.5
[INFO] [stderr]     Checking matches v0.1.8
[INFO] [stderr]     Checking tinyvec v0.3.4
[INFO] [stderr]    Compiling proc-macro-hack-impl v0.4.2
[INFO] [stderr]    Compiling syn v0.15.44
[INFO] [stderr]     Checking tower-service v0.3.0
[INFO] [stderr]     Checking opaque-debug v0.2.3
[INFO] [stderr]     Checking arc-swap v0.4.7
[INFO] [stderr]     Checking tower-service v0.1.0
[INFO] [stderr]     Checking futures-timer v1.0.3
[INFO] [stderr]     Checking async-macros v1.0.0
[INFO] [stderr]     Checking tokio-sync v0.1.8
[INFO] [stderr]     Checking thread_local v1.0.1
[INFO] [stderr]     Checking tracing-core v0.1.16
[INFO] [stderr]     Checking crossbeam-utils v0.6.6
[INFO] [stderr]     Checking futures-channel v0.3.5
[INFO] [stderr]     Checking unicode-bidi v0.3.4
[INFO] [stderr]     Checking block-padding v0.1.5
[INFO] [stderr]    Compiling rand_core v0.3.1
[INFO] [stderr]    Compiling rand_jitter v0.1.4
[INFO] [stderr]     Checking log v0.4.11
[INFO] [stderr]    Compiling byteorder v1.3.4
[INFO] [stderr]     Checking unicode-normalization v0.1.13
[INFO] [stderr]     Checking http v0.2.1
[INFO] [stderr]    Compiling syn v0.11.11
[INFO] [stderr]     Checking crc32fast v1.2.0
[INFO] [stderr]    Compiling crossbeam-utils v0.7.2
[INFO] [stderr]    Compiling memoffset v0.5.5
[INFO] [stderr]    Compiling crossbeam-epoch v0.8.2
[INFO] [stderr]    Compiling num-traits v0.2.12
[INFO] [stderr]    Compiling openssl-sys v0.9.58
[INFO] [stderr]    Compiling indexmap v1.6.0
[INFO] [stderr]    Compiling miniz_oxide v0.4.2
[INFO] [stderr]    Compiling num-integer v0.1.43
[INFO] [stderr]     Checking base64 v0.10.1
[INFO] [stderr]    Compiling rand_isaac v0.1.1
[INFO] [stderr]    Compiling rand_xorshift v0.1.1
[INFO] [stderr]    Compiling rand_hc v0.1.0
[INFO] [stderr]     Checking futures-util-preview v0.3.0-alpha.19
[INFO] [stderr]    Compiling rand_chacha v0.1.1
[INFO] [stderr]    Compiling rand_pcg v0.1.2
[INFO] [stderr]     Checking serde_plain v0.3.0
[INFO] [stderr]     Checking generic-array v0.12.3
[INFO] [stderr]     Checking serde_json v1.0.57
[INFO] [stderr]    Compiling proc-macro-hack v0.4.2
[INFO] [stderr]     Checking crossbeam-channel v0.3.9
[INFO] [stderr]     Checking want v0.3.0
[INFO] [stderr]     Checking log v0.3.9
[INFO] [stderr]     Checking want v0.2.0
[INFO] [stderr]     Checking kv-log-macro v1.0.7
[INFO] [stderr]     Checking tracing v0.1.19
[INFO] [stderr]     Checking regex v1.3.9
[INFO] [stderr]     Checking base64-serde v0.3.2
[INFO] [stderr]     Checking digest v0.8.1
[INFO] [stderr]     Checking block-buffer v0.7.3
[INFO] [stderr]     Checking idna v0.1.5
[INFO] [stderr]     Checking mime v0.2.6
[INFO] [stderr]    Compiling phf v0.7.24
[INFO] [stderr]    Compiling quote v1.0.7
[INFO] [stderr]    Compiling quote v0.6.13
[INFO] [stderr]     Checking sha-1 v0.8.2
[INFO] [stderr]     Checking iovec v0.1.4
[INFO] [stderr]     Checking net2 v0.2.35
[INFO] [stderr]     Checking num_cpus v1.13.0
[INFO] [stderr]     Checking parking_lot_core v0.6.2
[INFO] [stderr]     Checking time v0.1.44
[INFO] [stderr]     Checking socket2 v0.3.15
[INFO] [stderr]     Checking atty v0.2.14
[INFO] [stderr]     Checking async-task v1.3.1
[INFO] [stderr]     Checking signal-hook-registry v1.2.1
[INFO] [stderr]    Compiling native-tls v0.2.4
[INFO] [stderr]    Compiling rand_os v0.1.3
[INFO] [stderr]     Checking tokio-executor v0.1.10
[INFO] [stderr]     Checking crossbeam-queue v0.2.3
[INFO] [stderr]    Compiling syn v1.0.41
[INFO] [stderr]     Checking bytes v0.4.12
[INFO] [stderr]     Checking url v1.7.2
[INFO] [stderr]     Checking mio v0.6.22
[INFO] [stderr]     Checking futures-cpupool v0.1.8
[INFO] [stderr]     Checking parking_lot v0.9.0
[INFO] [stderr]    Compiling rand v0.6.5
[INFO] [stderr]     Checking backtrace v0.3.50
[INFO] [stderr]     Checking flate2 v1.0.17
[INFO] [stderr]     Checking tokio-timer v0.2.13
[INFO] [stderr]     Checking tokio-current-thread v0.1.7
[INFO] [stderr]     Checking env_logger v0.6.2
[INFO] [stderr]     Checking crossbeam-deque v0.7.3
[INFO] [stderr]     Checking http-body v0.3.1
[INFO] [stderr]     Checking checked v0.5.0
[INFO] [stderr]     Checking atoi v0.2.3
[INFO] [stderr]     Checking tokio-io v0.1.13
[INFO] [stderr]     Checking http v0.1.21
[INFO] [stderr]     Checking tokio-buf v0.1.1
[INFO] [stderr]     Checking string v0.2.1
[INFO] [stderr]     Checking tokio-threadpool v0.1.18
[INFO] [stderr]     Checking serde_urlencoded v0.5.5
[INFO] [stderr]     Checking broadcaster v0.2.6
[INFO] [stderr]     Checking futures-executor-preview v0.3.0-alpha.19
[INFO] [stderr]    Compiling pest_derive v1.0.8
[INFO] [stderr]     Checking mio-uds v0.6.8
[INFO] [stderr]     Checking tokio v0.2.22
[INFO] [stderr]     Checking chrono v0.4.15
[INFO] [stderr]     Checking async-std v0.99.12
[INFO] [stderr]     Checking futures-preview v0.3.0-alpha.19
[INFO] [stderr]     Checking tokio-reactor v0.1.12
[INFO] [stderr]     Checking tokio-codec v0.1.2
[INFO] [stderr]    Compiling phf_generator v0.7.24
[INFO] [stderr]     Checking tokio-fs v0.1.7
[INFO] [stderr]     Checking tokio-udp v0.1.6
[INFO] [stderr]     Checking tokio-uds v0.2.7
[INFO] [stderr]     Checking tokio-tcp v0.1.4
[INFO] [stderr]     Checking tokio-signal v0.2.9
[INFO] [stderr]    Compiling phf_codegen v0.7.24
[INFO] [stderr]     Checking tokio v0.1.22
[INFO] [stderr]    Compiling mime_guess v1.8.8
[INFO] [stderr]     Checking pretty_env_logger v0.3.1
[INFO] [stderr]     Checking headers-core v0.1.1
[INFO] [stderr]     Checking h2 v0.1.26
[INFO] [stderr]     Checking http-body v0.1.0
[INFO] [stderr]     Checking headers v0.2.3
[INFO] [stderr]     Checking handlebars v1.0.5
[INFO] [stderr]     Checking tokio-util v0.3.1
[INFO] [stderr]     Checking tokio-tls v0.3.1
[INFO] [stderr]     Checking hyper v0.12.35
[INFO] [stderr]    Compiling synstructure v0.12.4
[INFO] [stderr]    Compiling serde_derive v1.0.116
[INFO] [stderr]    Compiling failure_derive v0.1.8
[INFO] [stderr]    Compiling tower-web-macros v0.3.5
[INFO] [stderr]     Checking failure v0.1.8
[INFO] [stderr]     Checking pin-project v0.4.23
[INFO] [stderr]     Checking futures-util v0.3.5
[INFO] [stderr]     Checking h2 v0.2.6
[INFO] [stderr]     Checking tower-web v0.3.7
[INFO] [stderr]     Checking hyper v0.13.7
[INFO] [stderr]     Checking hyper-tls v0.4.3
[INFO] [stderr]     Checking faunadb v0.1.0-alpha.1
[INFO] [stdout] error[E0599]: no method named `try_concat` found for struct `Body` in the current scope
[INFO] [stdout]    --> /opt/rustwide/cargo-home/registry/src/github.com-1ecc6299db9ec823/faunadb-0.1.0-alpha.1/src/client.rs:102:41
[INFO] [stdout]     |
[INFO] [stdout] 102 |         let body = response.into_body().try_concat().await?;
[INFO] [stdout]     |                                         ^^^^^^^^^^ method not found in `Body`
[INFO] [stdout]     | 
[INFO] [stdout]    ::: /opt/rustwide/cargo-home/registry/src/github.com-1ecc6299db9ec823/hyper-0.13.7/src/body/body.rs:27:1
[INFO] [stdout]     |
[INFO] [stdout] 27  | pub struct Body {
[INFO] [stdout]     | ---------------
[INFO] [stdout]     | |
[INFO] [stdout]     | doesn't satisfy `Body: TryStreamExt`
[INFO] [stdout]     | doesn't satisfy `Body: TryStream`
[INFO] [stdout]     | 
[INFO] [stdout]    ::: /opt/rustwide/cargo-home/registry/src/github.com-1ecc6299db9ec823/futures-util-0.3.5/src/stream/try_stream/mod.rs:725:8
[INFO] [stdout]     |
[INFO] [stdout] 725 |     fn try_concat(self) -> TryConcat<Self>
[INFO] [stdout]     |        ---------- the method is available for `Box<Body>` here
[INFO] [stdout]     |
[INFO] [stdout]     = note: the method `try_concat` exists but the following trait bounds were not satisfied:
[INFO] [stdout]             `Body: TryStream`
[INFO] [stdout]             which is required by `Body: TryStreamExt`
[INFO] [stdout]             `&Body: TryStream`
[INFO] [stdout]             which is required by `&Body: TryStreamExt`
[INFO] [stdout]             `&mut Body: TryStream`
[INFO] [stdout]             which is required by `&mut Body: TryStreamExt`
[INFO] [stdout]     = help: items from traits can only be used if the trait is in scope
[INFO] [stdout]     = note: the following trait is implemented but not in scope; perhaps add a `use` for it:
[INFO] [stdout]             `use futures_util::stream::try_stream::TryStreamExt;`
[INFO] [stdout] 
[INFO] [stdout] 
[INFO] [stdout] error[E0277]: the size for values of type `[u8]` cannot be known at compilation time
[INFO] [stdout]    --> /opt/rustwide/cargo-home/registry/src/github.com-1ecc6299db9ec823/faunadb-0.1.0-alpha.1/src/client.rs:102:13
[INFO] [stdout]     |
[INFO] [stdout] 102 |         let body = response.into_body().try_concat().await?;
[INFO] [stdout]     |             ^^^^ doesn't have a size known at compile-time
[INFO] [stdout]     |
[INFO] [stdout]     = help: the trait `Sized` is not implemented for `[u8]`
[INFO] [stdout]     = note: all local variables must have a statically known size
[INFO] [stdout]     = help: unsized locals are gated as an unstable feature
[INFO] [stdout] 
[INFO] [stdout] 
[INFO] [stdout] error[E0277]: the size for values of type `[u8]` cannot be known at compilation time
[INFO] [stdout]    --> /opt/rustwide/cargo-home/registry/src/github.com-1ecc6299db9ec823/faunadb-0.1.0-alpha.1/src/client.rs:102:20
[INFO] [stdout]     |
[INFO] [stdout] 102 |         let body = response.into_body().try_concat().await?;
[INFO] [stdout]     |                    ^^^^^^^^^^^^^^^^^^^^^^^^^^^^^^^^^^^^^^^^ doesn't have a size known at compile-time
[INFO] [stdout]     |
[INFO] [stdout]     = help: the trait `Sized` is not implemented for `[u8]`
[INFO] [stdout]     = note: all local variables must have a statically known size
[INFO] [stdout]     = help: unsized locals are gated as an unstable feature
[INFO] [stdout] 
[INFO] [stdout] 
[INFO] [stdout] error[E0277]: the size for values of type `[u8]` cannot be known at compilation time
[INFO] [stdout]    --> /opt/rustwide/cargo-home/registry/src/github.com-1ecc6299db9ec823/faunadb-0.1.0-alpha.1/src/client.rs:102:59
[INFO] [stdout]     |
[INFO] [stdout] 102 |         let body = response.into_body().try_concat().await?;
[INFO] [stdout]     |                                                           ^ doesn't have a size known at compile-time
[INFO] [stdout]     |
[INFO] [stdout]     = help: the trait `Sized` is not implemented for `[u8]`
[INFO] [stdout]     = note: required by `Err`
[INFO] [stdout] 
[INFO] [stdout] 
[INFO] [stdout] error[E0277]: the `?` operator can only be applied to values that implement `Try`
[INFO] [stdout]   --> /opt/rustwide/cargo-home/registry/src/github.com-1ecc6299db9ec823/faunadb-0.1.0-alpha.1/src/client.rs:50:38
[INFO] [stdout]    |
[INFO] [stdout] 50 |             transport: builder.build(HttpsConnector::new()?),
[INFO] [stdout]    |                                      ^^^^^^^^^^^^^^^^^^^^^^ the `?` operator cannot be applied to type `HttpsConnector<HttpConnector>`
[INFO] [stdout]    |
[INFO] [stdout]    = help: the trait `Try` is not implemented for `HttpsConnector<HttpConnector>`
[INFO] [stdout]    = note: required by `into_result`
[INFO] [stdout] 
[INFO] [stdout] 
[INFO] [stdout] error[E0277]: `?` couldn't convert the error to `error::Error`
[INFO] [stdout]   --> /opt/rustwide/cargo-home/registry/src/github.com-1ecc6299db9ec823/faunadb-0.1.0-alpha.1/src/client.rs:51:34
[INFO] [stdout]    |
[INFO] [stdout] 51 |             uri: self.uri.parse()?,
[INFO] [stdout]    |                                  ^ the trait `From<hyper::http::uri::InvalidUri>` is not implemented for `error::Error`
[INFO] [stdout]    |
[INFO] [stdout]    = note: the question mark operation (`?`) implicitly performs a conversion on the error value using the `From` trait
[INFO] [stdout]    = help: the following implementations were found:
[INFO] [stdout]              <error::Error as From<TimeoutError>>
[INFO] [stdout]              <error::Error as From<http::uri::InvalidUri>>
[INFO] [stdout]              <error::Error as From<hyper::Error>>
[INFO] [stdout]              <error::Error as From<native_tls::Error>>
[INFO] [stdout]    = note: required by `std::convert::From::from`
[INFO] [stdout] 
[INFO] [stdout] 
[INFO] [stdout] error[E0277]: the trait bound `hyper::header::HeaderName: From<http::header::HeaderName>` is not satisfied
[INFO] [stdout]    --> /opt/rustwide/cargo-home/registry/src/github.com-1ecc6299db9ec823/faunadb-0.1.0-alpha.1/src/client.rs:125:17
[INFO] [stdout]     |
[INFO] [stdout] 125 |         builder.header(CONTENT_LENGTH, format!("{}", payload.len()).as_bytes());
[INFO] [stdout]     |                 ^^^^^^ the trait `From<http::header::HeaderName>` is not implemented for `hyper::header::HeaderName`
[INFO] [stdout]     |
[INFO] [stdout]     = help: the following implementations were found:
[INFO] [stdout]               <hyper::header::HeaderName as From<&'a hyper::header::HeaderName>>
[INFO] [stdout]               <hyper::header::HeaderName as From<hyper::header::name::Custom>>
[INFO] [stdout]               <hyper::header::HeaderName as From<hyper::header::name::HdrName<'a>>>
[INFO] [stdout]               <hyper::header::HeaderName as From<hyper::header::name::StandardHeader>>
[INFO] [stdout]     = note: required because of the requirements on the impl of `Into<hyper::header::HeaderName>` for `http::header::HeaderName`
[INFO] [stdout]     = note: required because of the requirements on the impl of `TryFrom<http::header::HeaderName>` for `hyper::header::HeaderName`
[INFO] [stdout] 
[INFO] [stdout] 
[INFO] [stdout] error[E0277]: the trait bound `hyper::header::HeaderName: From<http::header::HeaderName>` is not satisfied
[INFO] [stdout]    --> /opt/rustwide/cargo-home/registry/src/github.com-1ecc6299db9ec823/faunadb-0.1.0-alpha.1/src/client.rs:126:17
[INFO] [stdout]     |
[INFO] [stdout] 126 |         builder.header(CONTENT_TYPE, "application/json");
[INFO] [stdout]     |                 ^^^^^^ the trait `From<http::header::HeaderName>` is not implemented for `hyper::header::HeaderName`
[INFO] [stdout]     |
[INFO] [stdout]     = help: the following implementations were found:
[INFO] [stdout]               <hyper::header::HeaderName as From<&'a hyper::header::HeaderName>>
[INFO] [stdout]               <hyper::header::HeaderName as From<hyper::header::name::Custom>>
[INFO] [stdout]               <hyper::header::HeaderName as From<hyper::header::name::HdrName<'a>>>
[INFO] [stdout]               <hyper::header::HeaderName as From<hyper::header::name::StandardHeader>>
[INFO] [stdout]     = note: required because of the requirements on the impl of `Into<hyper::header::HeaderName>` for `http::header::HeaderName`
[INFO] [stdout]     = note: required because of the requirements on the impl of `TryFrom<http::header::HeaderName>` for `hyper::header::HeaderName`
[INFO] [stdout] 
[INFO] [stdout] 
[INFO] [stdout] error[E0277]: the trait bound `hyper::header::HeaderName: From<http::header::HeaderName>` is not satisfied
[INFO] [stdout]    --> /opt/rustwide/cargo-home/registry/src/github.com-1ecc6299db9ec823/faunadb-0.1.0-alpha.1/src/client.rs:127:17
[INFO] [stdout]     |
[INFO] [stdout] 127 |         builder.header(AUTHORIZATION, self.authorization.as_bytes());
[INFO] [stdout]     |                 ^^^^^^ the trait `From<http::header::HeaderName>` is not implemented for `hyper::header::HeaderName`
[INFO] [stdout]     |
[INFO] [stdout]     = help: the following implementations were found:
[INFO] [stdout]               <hyper::header::HeaderName as From<&'a hyper::header::HeaderName>>
[INFO] [stdout]               <hyper::header::HeaderName as From<hyper::header::name::Custom>>
[INFO] [stdout]               <hyper::header::HeaderName as From<hyper::header::name::HdrName<'a>>>
[INFO] [stdout]               <hyper::header::HeaderName as From<hyper::header::name::StandardHeader>>
[INFO] [stdout]     = note: required because of the requirements on the impl of `Into<hyper::header::HeaderName>` for `http::header::HeaderName`
[INFO] [stdout]     = note: required because of the requirements on the impl of `TryFrom<http::header::HeaderName>` for `hyper::header::HeaderName`
[INFO] [stdout] 
[INFO] [stdout] 
[INFO] [stdout] error: aborting due to 9 previous errors
[INFO] [stdout] 
[INFO] [stdout] 
[INFO] [stdout] Some errors have detailed explanations: E0277, E0599.
[INFO] [stdout] 
[INFO] [stdout] For more information about an error, try `rustc --explain E0277`.
[INFO] [stdout] 
[INFO] [stderr] error: could not compile `faunadb`.
[INFO] [stderr] 
[INFO] [stderr] To learn more, run the command again with --verbose.
[INFO] running `Command { std: "docker" "inspect" "2d33c6162c04e982912fc80aeba940441a209bb737d487ad61f6b4c3f206f1e8", kill_on_drop: false }`
[INFO] running `Command { std: "docker" "rm" "-f" "2d33c6162c04e982912fc80aeba940441a209bb737d487ad61f6b4c3f206f1e8", kill_on_drop: false }`
[INFO] [stdout] 2d33c6162c04e982912fc80aeba940441a209bb737d487ad61f6b4c3f206f1e8
